/3 + 31*k**2/2 - 26*k - 10. List the prime factors of t(-18).
2, 7, 37
Suppose -13488 - 2448 = -8*b. Let w = b + -1333. List the prime factors of w.
659
Let i be (-1)/2*-1*(-3 + 159). Suppose i*h = 81*h - 1611. What are the prime factors of h?
3, 179
Suppose 35*u - 119031 = 40021 + 67538. List the prime factors of u.
2, 3, 13, 83
Let i = 627 + 4390. What are the prime factors of i?
29, 173
Let a(w) = 3*w**3 - w**2 - w + 3. Let y be a(1). Let c(j) = 15*j**3 - 7*j**2 + 7*j + 4. List the prime factors of c(y).
2, 5, 11
Let r(h) = h**2 - 3*h. Let n be r(-1). Suppose y = -n*c + 38, 2*y + 0*y + 4*c - 88 = 0. List the prime factors of 15/y*622 - (-6)/15.
11, 17
Let i(m) = 18*m + 166. Let h be i(-9). Suppose -3*d = h*t - 2187, -2*d + 784 = t - 669. List the prime factors of d.
5, 29
Let f(q) = 20*q - 1 + 4 + 0 - 8*q. Let z(t) = t**3 - 5*t**2 + 6*t - 3. Let y be z(4). What are the prime factors of f(y)?
3, 7
Suppose -32*u = -39*u - 3920. Let b = -405 - u. What are the prime factors of b?
5, 31
Suppose 48 = -20*b - 72. What are the prime factors of 108/1 - ((-10)/2 - b)?
107
Suppose -1948*s = -4*d - 1950*s + 77568, 5*s + 96945 = 5*d. List the prime factors of d.
19391
Suppose 0 = -5*v - 5*h + 5, 6 = -3*v - 5*h + 1. Let a(g) = g**2 - 12*g + 38. Let x be a(v). Suppose 0 = x*c - 39 - 93. What are the prime factors of c?
2, 11
Let s(q) = -2*q**3 + 12. Let p be s(-3). List the prime factors of p/(-18)*(-290 + -1).
11, 97
Let a be 8/6*(8 - 5). Suppose -3*c + 9 = -d - 8, 0 = -2*d - a. Suppose -c*u + 116 = -4*u. What are the prime factors of u?
2, 29
Let x = -141 + 217. Suppose 4*i + x = 88. Let p(m) = m**3 - m**2 - 6*m + 7. What are the prime factors of p(i)?
7
Let o be 1 + 0 - 1/3*0. Let v be (-2)/(-3)*(-3)/o. Let k = 48 - v. What are the prime factors of k?
2, 5
Let l(p) = 2*p**2 + 31*p - 11. Let k be l(-22). Suppose k = t - 3*x - 116, 3*x - 1991 = -5*t. What are the prime factors of t?
397
Let v be (7 + 3)*(2 - 1). Suppose 0 = -k - 4*c + 714, -2*c + 6 = v. What are the prime factors of k?
2, 19
Suppose c + 5*i = 16, 0 = -5*c - 2*i + 8 + 3. Let h(w) = 337*w - 3. Let b be h(c). Let g = -183 + b. List the prime factors of g.
151
Suppose -133 = k - 8*s + 3*s, 5*s = 0. Let z = 242 + k. List the prime factors of z.
109
Let r(i) be the third derivative of 2*i**5/15 - i**4/24 + 8*i**3/3 + 21*i**2 - i. List the prime factors of r(-5).
13, 17
Let y be 10/3*((-132)/(-30) + 1). List the prime factors of 3 - (4/y + 11080/(-45)).
3, 83
Suppose 3*c - 12 = -c. Let a be (-1)/(c/(-6)) + (-7 - 817). What are the prime factors of (-4)/(-6) + 4 + a/(-9)?
2, 3
Let t(f) = -19*f - 8. Let p be 3 - ((2 - 0 - 1) + 2). Suppose p = 3*v + 10 + 11. List the prime factors of t(v).
5
Let q = -337 + 339. List the prime factors of (243/q)/(4 + 35/(-10)).
3
Let y = -229 + 232. Suppose y*j + 3*r - 1020 = 0, -2*j = -2*r - 650 - 18. What are the prime factors of j?
337
Let l be (-10)/(-4)*(-6)/(-15). Let q(x) = 102*x + 3. Let t be q(l). Suppose -4*o - a + t = -0*o, -3*a - 63 = -2*o. What are the prime factors of o?
3
Suppose 0 = -4*c - 2*v + 140164, 804*c - 175201 = 799*c - 2*v. What are the prime factors of c?
3, 17, 229
Suppose 310*k + 5376610 - 7479466 = 6878774. List the prime factors of k.
7, 4139
Let d(r) = 45*r**2 + 66*r + 105. Let n(x) = 6*x**2 + 8*x + 13. Let o(l) = -4*d(l) + 33*n(l). List the prime factors of o(3).
3, 19
Let a(w) = -34*w**2 + 298*w - w**3 - 616*w + 247*w + 1. List the prime factors of a(-32).
3, 5
Let l be (-2)/7 - ((-114)/7 - -8). List the prime factors of (l + 3 - 6) + 279.
2, 71
Let l(j) = -90*j + 32. Let u be l(18). Let d = -1066 - u. What are the prime factors of d?
2, 3, 29
Suppose 297*y = 290*y + 5180. Suppose -7242 - y = -13*c. List the prime factors of c.
2, 307
Let t = 77 - -192. Suppose 18*c - t = 1. List the prime factors of c.
3, 5
Let p(g) = 7478*g + 737. List the prime factors of p(3).
17, 29, 47
Let z(t) = 5*t**2 + 9*t - 11. Let m be z(-5). What are the prime factors of (-138)/m*(-2 + 1208/(-2))?
2, 3, 101
Let z(r) = -2*r**2 + 177*r - 249. What are the prime factors of z(70)?
2341
Let k be (-4)/7 - 90/(-35). Let f be (-2)/4*k + -2 - 45. List the prime factors of 10*(f/5)/(-4).
2, 3
Let t be 3 + -2 - 1 - (-38 - 46). Let f(c) = 66*c + 1. Let w be f(2). Let s = w - t. What are the prime factors of s?
7
Suppose 0 = -3*q - 4*b - 894 - 965, 0 = -q + 3*b - 637. Let f = -414 - q. List the prime factors of f.
211
Let f = -5930 - -26444. What are the prime factors of f?
2, 3, 13, 263
Let v be (5 + 28/(-8))*14. List the prime factors of 6/v - (-120180)/84.
3, 53
Let f(l) = -l**3 - l**2 - 8*l - 2. Let u(k) = 3*k**2 - 41*k - 13. Let s be u(14). Suppose g - s = -i, -2*i + g + 4*g = 33. List the prime factors of f(i).
2, 3, 13
Let h = -588 + 593. Suppose -2*w - h*b = -2233, -7*b + 2*b + 5590 = 5*w. List the prime factors of w.
3, 373
Let b be (-45)/(1 + -3 + 4 + -3). List the prime factors of (3/2)/(b/120) + 240.
2, 61
Let n(h) = -31*h - 16. Suppose 4*g + 158 = 142. Let o be n(g). Suppose -7*k = -10*k + o. What are the prime factors of k?
2, 3
Let x be (-546)/56 + 3/4. Let o(r) be the third derivative of -r**4/24 - 2*r**3/3 + 10*r**2. List the prime factors of o(x).
5
Let q = 23308 - 12657. List the prime factors of q.
10651
Let k(i) = 89*i**2 + 180*i - 1265. List the prime factors of k(31).
2, 3, 7487
Suppose 41*n + 1431669 = -49*n + 109*n. What are the prime factors of n?
3, 25117
Let q(c) = 247*c**2 + 99*c + 32. What are the prime factors of q(8)?
2, 3, 7, 11
Suppose 3*h = 6*h - 3*b - 9, -h + 15 = 5*b. Suppose f - 24 = -2*k + 7*k, 3*k = h*f - 142. Let o = f - -7. What are the prime factors of o?
2, 3
Suppose 68*b = 66*b - 3*d + 52333, 0 = 2*b - 4*d - 52326. What are the prime factors of b?
5, 5233
Let u be (-51)/(-1)*(-1 + -8). Suppose 106870 = 138*d + 7786. Let m = u + d. List the prime factors of m.
7, 37
Let d(c) = -c**2 + c + 2. Let n be d(3). Let x be (-12)/8 - 22/n. Suppose -4*f - x*w - 4 + 44 = 0, -14 = -2*f + 4*w. What are the prime factors of f?
3
Suppose -43*h = -35*h - 2536. Let m = 480 + h. What are the prime factors of m?
797
Suppose 33*n - 36*n + 42 = 0. Suppose b = -4*p - 0 - 1, -3*b = -5*p - n. Suppose 3*s - 183 = x - 43, 0 = -b*s - 3*x + 156. What are the prime factors of s?
2, 3
Let n = 62 + -66. Let k be -9 - -8 - (n - (4 - 2)). Suppose 20 + 28 = x - 3*o, -k*x = -5*o - 260. What are the prime factors of x?
2, 3
Suppose -4*x - b + 0*b + 3965 = 0, -b = 3*x - 2975. Let f = -646 + x. List the prime factors of f.
2, 43
Let p(t) = -t**3 + 39*t**2 + 37*t - 145. Let c be p(39). Let d = -676 + c. What are the prime factors of d?
2, 311
Let q(b) = -9*b - 118. Let r be q(-10). Let v(f) = -f**3 - 24*f**2 + 66*f + 21. What are the prime factors of v(r)?
7, 11, 17
Let k(w) = -167*w - 24. Let f(a) = -169*a - 24. Let b(j) = -3*f(j) + 4*k(j). List the prime factors of b(-6).
2, 3, 157
Let r(z) = -z**3 + 8*z**2 + 8*z + 6. Let y be r(9). Let n be y + -96 - (1 - 0). List the prime factors of (-24 - n) + 1 + -3.
2, 37
List the prime factors of (5538/(-234))/(-4 - 47455/(-11865)).
7, 71, 113
Let k be -3 + (-453)/(-12)*4. Suppose 0 = -h - 5*b + k, -h = -4*b - b - 118. List the prime factors of h.
7, 19
Suppose -3*w - z = -54774, 0 = w - 2*z - 8094 - 10164. What are the prime factors of w?
2, 3, 17, 179
Suppose -2*n + p = 3*n - 8, n = -5*p + 12. Suppose n*f + 104 = 6. Let w = 125 + f. List the prime factors of w.
2, 19
Suppose 5*p = 2*q + 6*p - 18, -3*p = -12. Suppose 5*v + 128 = i - q, 4*i - v = 578. What are the prime factors of i?
5, 29
Suppose 32*d + 37*d - 547584 = 0. What are the prime factors of d?
2, 31
Suppose 69521 = 5*h + b, 2*h - 69518 = -3*h + 2*b. List the prime factors of h.
2, 11, 79
Let f = -13132 + 22916. What are the prime factors of f?
2, 1223
Let s = 104 + -276. Let j = 44 - s. List the prime factors of j.
2, 3
Let y be 3/1 - -27 - 3. Let c = -28 + y. List the prime factors of ((-52)/(-10))/(c/(-15)) - -1.
79
Suppose 2*v = -5*j + 21007 - 2252, 2*j + 4*v - 7518 = 0. List the prime factors of j.
23, 163
Let o(a) = -a**3 - 19*a + 56*a - 77*a**2 + 44 + 61*a**2. List the prime factors of o(-18).
2, 13
Let b(a) = 4416*a - 2717. What are the prime factors of b(12)?
5, 2011
List the prime factors of (-5 - -3711)*3/18*18.
2, 3, 17, 109
Suppose 15*f + 3*